 is the greatest common factor of z and 474?
6
Let m(y) = -4*y**2 + 30*y - 13. Let u be m(6). Suppose 642 = u*c - 278. Calculate the greatest common divisor of 70 and c.
10
Let h(w) = -w**3 - 2*w**2 + 2*w + 3. Let b be h(-4). Let j = -3412 + 3418. What is the highest common divisor of b and j?
3
Suppose 548 = 23*y - 1660. Let a be (-64)/y - (-994)/6. What is the greatest common divisor of 33 and a?
33
Let m be 4355/26*1*4/5. Let z = -56 + m. What is the highest common factor of 156 and z?
78
Let k(y) = -y**2 + 20*y + 45. Let w be k(9). Calculate the greatest common factor of w and 18.
18
Suppose -158938 - 62822 = -16*j - 12*j. Calculate the greatest common factor of j and 110.
110
Suppose 153688 = 194*k - 59*k + 6808. What is the highest common divisor of 17 and k?
17
Let m(c) = c**3 + 17*c**2 - 2*c + 35. Let h be m(-17). Let u be (-6 + h/2)*2/3. Calculate the greatest common factor of u and 76.
19
Let j = 36243 - 36112. Calculate the highest common divisor of j and 68251.
131
Suppose -10*o + 12*o + 300 = -3*v, 0 = -4*o - 4*v - 592. Let t = o - -198. What is the highest common factor of t and 30?
6
Let i(t) = 4*t**2 - 2*t - t**2 - 12*t**2 + 5*t**3 + 7*t**2 - 1. Let r be i(-1). Let c be r/9*3 - -61. Calculate the greatest common factor of 649 and c.
59
Let v = -1114 - -1569. What is the highest common factor of 315 and v?
35
Let a(j) = 2*j**2 + 50*j + 57. Suppose 0 = -12*f + 3*f - 225. Let i be a(f). Calculate the highest common factor of 513 and i.
57
Let a be 4760/36 - (-20)/(-90). What is the highest common divisor of 3872 and a?
44
Let s = -16 + 20. Suppose s*i = 0, -i = 3*q + 4*i - 315. Let v be -4 + (79 - (-6 - -11)). What is the highest common factor of v and q?
35
Let u = -13856 - -14360. What is the greatest common divisor of 2898 and u?
126
Suppose 58 = 9*k - 176. Suppose 31*r = k*r + 15. What is the greatest common divisor of 291 and r?
3
Let c be 35/(245/(-77)) + 1 + 16458. Calculate the highest common factor of 128 and c.
64
Let d be (48 + 1)/(9/(-135)). Let z be (d/84)/(15/(-12)). Calculate the highest common factor of z and 259.
7
Let s be -4 + 2 + 44/(-1)*-4. Suppose 0 = -5*h + a + 56, -4*h + 358*a + 40 = 356*a. What is the greatest common divisor of h and s?
6
Let h = 60 - 47. Suppose -7*c = -h*c + 12. Let k = c + 56. What is the highest common factor of 29 and k?
29
Let x = -755 + 782. Suppose y - 2*b = x, -3*y + 3*b + 81 = 7*b. Suppose -24 + 69 = 5*m. What is the highest common factor of m and y?
9
Let l = 586 - -283. What is the greatest common divisor of l and 632?
79
Let z be 19184/440 - (-4)/10. What is the highest common factor of z and 121?
11
Let i be (-378)/7*198/(-12). What is the highest common divisor of i and 9?
9
Let i be 21 - (16 + -7 - 8). Calculate the highest common factor of i and 80.
20
Suppose -121*i = -2815 - 694. What is the greatest common factor of 2117 and i?
29
Suppose 3461 - 2411 = 21*o. What is the greatest common divisor of o and 550?
50
Let t(j) = -4*j**3 - 6*j**2 + 3*j - 4. Let u be t(2). Let i = u + 63. Calculate the highest common factor of i and 6.
3
Let x = 3329 + -3128. What is the highest common divisor of 134 and x?
67
Let j = 73432 - 47252. Calculate the highest common divisor of j and 10.
10
Let d be (-3)/(((-20)/50)/(4/10)). Suppose -172 + 52 = -d*x. What is the highest common factor of 100 and x?
20
Let o(w) = 0*w - 3*w + 6*w - 7 + 0*w**2 + 2*w**2. Let t be o(-4). Suppose 3*a = 2*a + 104. What is the greatest common divisor of t and a?
13
Let g(d) = 3*d**3 - 6*d**2 + 10*d + 17*d - 83 - 2*d**2 - 2*d**3. Let p be g(6). What is the greatest common divisor of p and 14?
7
Suppose 41*s - 136 = 49*s. Let h(i) = -i**2 - 21*i - 48. Let d be h(s). What is the greatest common factor of 250 and d?
10
Let p be 26/6 + -3*(-6)/(-54). Suppose p*i = 6*i + 4. Let q be (-6)/(i/(12/4 + 0)). Calculate the greatest common divisor of q and 27.
9
Suppose -1431*l - 286 = -1432*l + 486. Calculate the highest common divisor of l and 28.
4
Let u(l) = 0*l - l - 26*l - 20. Let c be u(-8). Let w(p) = p**2 + 10*p + 17. Let n be w(-11). What is the greatest common factor of c and n?
28
Let p = -6574 + 6853. What is the highest common divisor of 144 and p?
9
Suppose 100 = 4*q + 28. Let a be 54/90 - 146/10. Let v(b) = -6*b - 39. Let j be v(a). What is the greatest common factor of q and j?
9
Suppose 0 = -25*b + 115 + 60. Let j be 60 + (0 + -1)*1. Let s = 94 - j. Calculate the highest common factor of b and s.
7
Let s be (-2 - (-10)/10*10) + 163. Calculate the greatest common factor of 14649 and s.
57
Let k be 7/28 + 245/(-20). Let j(t) = -t**3 - 11*t**2 + 6*t - 59. Let a be j(k). What is the highest common divisor of 13 and a?
13
Let o be 3*((-60)/(-18))/2. Suppose -2*t + i + 104 = 0, -3*i + 52 = 6*t - o*t. What is the highest common divisor of t and 351?
13
Let y(z) = -3*z - 1. Let h be y(0). Let p(j) = j**2 + 2*j + 1. Let b be p(-6). Let q be b + (-3 - (h + -3)). Calculate the greatest common divisor of 13 and q.
13
Let o be ((23 - 17) + (-17)/2)*112/(-20). Calculate the highest common factor of o and 833.
7
Let t(y) = -y**3 + 5*y**2 - 2*y + 6. Let h be t(4). Suppose 22 = 3*d - 14. Suppose -2*v = d - 54. Calculate the highest common divisor of h and v.
7
Let n = -1 - -16. Suppose 144*b = -44*b - 56*b + 15860. Calculate the greatest common factor of n and b.
5
Let f(c) = 471*c + 9. Let x be f(5). Suppose x = 8*a - 84. Calculate the highest common factor of 34 and a.
34
Let i(q) = -5*q**2 - 58*q + 113. Let z(c) = 4*c**2 + 55*c - 113. Let g(m) = -5*i(m) - 6*z(m). Let f be g(37). Calculate the greatest common divisor of f and 16.
2
Suppose 3*o - 44 = 52. Suppose -212 = -5*x - 0*k + 3*k, x + 2*k - o = 0. Suppose -26*l = -11*l - 240. What is the greatest common divisor of x and l?
8
Suppose 5*s + 26*c - 22*c = 612, -255 = -2*s - 5*c. Suppose 18*t = 26*t - s. Calculate the highest common factor of t and 12.
3
Suppose 3*l + 3*j = 5*j + 2852, -j - 2851 = -3*l. What is the greatest common factor of 75 and l?
25
Suppose 0*d - 2*p - 316 = -2*d, -4*d - p = -622. Suppose 117 = 64*i - 63*i. What is the greatest common factor of d and i?
39
Let m be ((-4)/6)/(25/(-150)). Suppose -3*q + 2*h - 61 = -4*q, -m*q - h = -251. Calculate the greatest common factor of 14 and q.
7
Suppose f - 3*f = -8, -4*d = f - 68. Let l(g) = 2*g**2 - 1849*g + 12925. Let n be l(7). What is the highest common divisor of d and n?
16
Let z = 111 - 106. Suppose -3*s + 2*s = -a - 71, -5*a + 375 = z*s. Calculate the greatest common factor of 1 and s.
1
Let k = 315 - -586. Suppose 0 = -13*a - a + 238. Calculate the highest common divisor of a and k.
17
Suppose 4690 = 3*j + 2*j - 3*t, 4*t - 1850 = -2*j. Let p = j - 194. Calculate the greatest common factor of 57 and p.
57
Let d be (-12*(-2130)/135)/(2/24). Calculate the greatest common factor of d and 213.
71
Suppose 5*r + 693*u - 470 = 697*u, 5*r - 470 = u. What is the greatest common factor of 611 and r?
47
Let l(w) = -189*w - 5826. Let t be l(-31). Calculate the greatest common divisor of t and 20625.
33
Let l(n) = -47 + 0*n + 2*n**2 + 104*n**3 - n + 47. Let h be l(1). What is the greatest common factor of 42 and h?
21
Let v(k) = k**3 + 56*k**2 - 114*k + 121. Let w be v(-58). What is the greatest common divisor of w and 1055?
5
Let w be 7 + 0 - (6 + -1 + -5). Suppose 14*l - 210 = w*l. Suppose 16*m = 21*m - l. What is the highest common factor of m and 9?
3
Let a be (-492)/14 - 42/49. Let z be ((-24)/a - 4)*(-69)/1. Calculate the highest common divisor of z and 138.
46
Let d be (-7*1)/(2/(-4)). Suppose 20*p - 21*p - 28 = 0. Let w be (5*12/10)/((-3)/p). What is the greatest common divisor of d and w?
14
Suppose 6*h + 8 = 10*h + v, 17 = -h - 5*v. Let d be 8/h*((-10)/(-8) + 1). Calculate the greatest common factor of 4 and d.
2
Suppose 28*s + 21*s - 228841 = -81449. Calculate the greatest common factor of s and 282.
94
Let m(z) = -2*z**2 + 10*z + 8. Let y be m(8). Let s = 4 + y. Let i = s - -44. What is the greatest common divisor of i and 24?
8
Let b(w) = -68*w + 672. Let g be b(-60). Calculate the highest common divisor of g and 11.
11
Suppose 273*w - 247522 = 70796. What is the highest common factor of w and 154?
22
Suppose -w = 3*p + 72, 2*p + 4*w - 2*w = -44. Let f be -7 - p/15*9. What is the highest common